{"id":14221,"date":"2023-09-07T18:19:50","date_gmt":"2023-09-07T16:19:50","guid":{"rendered":"https:\/\/whg-musical.de\/?page_id=14221"},"modified":"2023-11-02T01:08:11","modified_gmt":"2023-11-01T23:08:11","slug":"impressum","status":"publish","type":"page","link":"https:\/\/whg-musical.de\/?page_id=14221","title":{"rendered":"Impressum"},"content":{"rendered":"\n<h2 id=\"m46\">Diensteanbieter<\/h2>\n<p>WHG Musical AG<\/p>\n<p>c\/o Thomas Stelljes<\/p>\n<p>Rosenstr. 41<\/p>\n<p>25746 Heide<\/p>\n\n<h2 id=\"m56\">Kontaktm\u00f6glichkeiten<\/h2>E-Mail-Adresse: <p>regie-team@whg-musical.de<\/p>\n\n<h2 id=\"m154\">Journalistisch-redaktionelle Angebote<\/h2>Inhaltlich verantwortlich: <p>Thomas Stelljes<\/p>\n\n<h2 id=\"m3589\">Audiovisuelle Mediendienste<\/h2><p>Sitzland: Deutschland.<\/p>\n<p>Zust\u00e4ndige Regulierungs-, bzw. Aufsichtsbeh\u00f6rde: Medienanstalt Hamburg \/ Schleswig-Holstein (MA HSH), <a href=\"https:\/\/www.ma-hsh.de\/\" target=\"_blank\" rel=\"noopener\">https:\/\/www.ma-hsh.de\/<\/a><\/p>\n\n<h2 id=\"m172\">Social Media und andere Onlinepr\u00e4senzen<\/h2>Dieses Impressum gilt auch f\u00fcr die folgenden Social-Media-Pr\u00e4senzen und Onlineprofile: <p><a href=\"https:\/\/www.instagram.com\/musical__ag\" target=\"_blank\" rel=\"noopener\">https:\/\/www.instagram.com\/musical__ag<\/a><\/p>\n<p><a href=\"https:\/\/facebook.com\/whgmusical\" target=\"_blank\" rel=\"noopener\">https:\/\/facebook.com\/whgmusical<\/a><\/p>\n<p><a href=\"https:\/\/www.youtube.com\/@DokuTeam\" target=\"_blank\" rel=\"noopener\">https:\/\/www.youtube.com\/@DokuTeam<\/a><\/p>\n\n<h2 id=\"m65\">Haftungs- und Schutzrechtshinweise<\/h2><p>Haftungsausschluss: Die Inhalte dieses Onlineangebotes wurden sorgf\u00e4ltig und nach unserem aktuellen Kenntnisstand erstellt, dienen jedoch nur der Information und entfalten keine rechtlich bindende Wirkung, sofern es sich nicht um gesetzlich verpflichtende Informationen (z.B. das Impressum, die Datenschutzerkl\u00e4rung, AGB oder verpflichtende Belehrungen von Verbrauchern) handelt. Wir behalten uns vor, die Inhalte vollst\u00e4ndig oder teilweise zu \u00e4ndern oder zu l\u00f6schen, soweit vertragliche Verpflichtungen unber\u00fchrt bleiben. Alle Angebote sind freibleibend und unverbindlich.<\/p>\n\n<p class=\"seal\"><a href=\"https:\/\/datenschutz-generator.de\/\" title=\"Rechtstext von Dr. Schwenke - f\u00fcr weitere Informationen bitte anklicken.\" target=\"_blank\" rel=\"noopener noreferrer nofollow\">Erstellt mit kostenlosem Datenschutz-Generator.de von Dr. Thomas Schwenke<\/a><\/p>\n","protected":false},"excerpt":{"rendered":"<p>Diensteanbieter WHG Musical AG c\/o Thomas Stelljes Rosenstr. 41 25746 Heide Kontaktm\u00f6glichkeiten E-Mail-Adresse: regie-team@whg-musical.de Journalistisch-redaktionelle Angebote Inhaltlich verantwortlich: Thomas Stelljes Audiovisuelle Mediendienste Sitzland: Deutschland. Zust\u00e4ndige Regulierungs-, bzw. Aufsichtsbeh\u00f6rde: Medienanstalt Hamburg \/ Schleswig-Holstein (MA HSH), https:\/\/www.ma-hsh.de\/ Social Media und andere Onlinepr\u00e4senzen Dieses Impressum gilt auch f\u00fcr die folgenden Social-Media-Pr\u00e4senzen und Onlineprofile: https:\/\/www.instagram.com\/musical__ag https:\/\/facebook.com\/whgmusical https:\/\/www.youtube.com\/@DokuTeam Haftungs- und [&hellip;]<\/p>\n","protected":false},"author":1,"featured_media":0,"parent":0,"menu_order":0,"comment_status":"closed","ping_status":"closed","template":"","meta":{"footnotes":""},"class_list":["post-14221","page","type-page","status-publish","hentry"],"_links":{"self":[{"href":"https:\/\/whg-musical.de\/index.php?rest_route=\/wp\/v2\/pages\/14221","targetHints":{"allow":["GET"]}}],"collection":[{"href":"https:\/\/whg-musical.de\/index.php?rest_route=\/wp\/v2\/pages"}],"about":[{"href":"https:\/\/whg-musical.de\/index.php?rest_route=\/wp\/v2\/types\/page"}],"author":[{"embeddable":true,"href":"https:\/\/whg-musical.de\/index.php?rest_route=\/wp\/v2\/users\/1"}],"replies":[{"embeddable":true,"href":"https:\/\/whg-musical.de\/index.php?rest_route=%2Fwp%2Fv2%2Fcomments&post=14221"}],"version-history":[{"count":2,"href":"https:\/\/whg-musical.de\/index.php?rest_route=\/wp\/v2\/pages\/14221\/revisions"}],"predecessor-version":[{"id":14419,"href":"https:\/\/whg-musical.de\/index.php?rest_route=\/wp\/v2\/pages\/14221\/revisions\/14419"}],"wp:attachment":[{"href":"https:\/\/whg-musical.de\/index.php?rest_route=%2Fwp%2Fv2%2Fmedia&parent=14221"}],"curies":[{"name":"wp","href":"https:\/\/api.w.org\/{rel}","templated":true}]}}